{"id":273,"date":"2013-02-26T23:08:54","date_gmt":"2013-02-26T22:08:54","guid":{"rendered":"http:\/\/www.automatickakresba.eu\/?page_id=273"},"modified":"2013-03-02T02:29:50","modified_gmt":"2013-03-02T01:29:50","slug":"otazky","status":"publish","type":"page","link":"http:\/\/www.automatickakresba.eu\/?page_id=273","title":{"rendered":"Ot\u00e1zky"},"content":{"rendered":"<p><span style=\"text-decoration: underline;\"><strong>Pokud m\u00e1\u0161 vlastn\u00ed ot\u00e1zku, po\u0161li mi ji na email. D\u011bkuji<\/strong><\/span> \ud83d\ude42<\/p>\n<p><strong>1.\u00a0Co je k\u00a0tomu pot\u0159eba (ke kresb\u011b)?<\/strong><br \/>\n<em>Rozhodnout se, \u017ee to jde. \u017de se to m\u016f\u017ee\u0161 nau\u010dit. V\u0161echno ostatn\u00ed je pouze technika, jak\u00fdsi syst\u00e9m \ud83d\ude42<\/em><\/p>\n<p><strong>2. M\u016f\u017ee se to nau\u010dit ka\u017ed\u00fd?<br \/>\n<\/strong><em>Ano.<\/em><\/p>\n<p><strong>3. Co se d\u00e1 automatickou kresbou zjistit \u2013 nakreslit?<\/strong><br \/>\n<em>V\u0161echno na co se um\u00ed\u0161 zeptat.<\/em><\/p>\n<p><strong>4. Co je na kresb\u011b nejt\u011b\u017e\u0161\u00ed?<\/strong><br \/>\n<em>Naj\u00edt jednoduchou a jednozna\u010dnou ot\u00e1zku.<\/em><\/p>\n<p><strong>5. Jak pozn\u00e1m \u017ee se um\u00edm zeptat?<\/strong><br \/>\n<em>Pocitem.<\/em><\/p>\n<p><strong>6. Jak dlouho trv\u00e1, ne\u017e se nau\u010d\u00edm kreslit?<\/strong><br \/>\n<em>Kreslit um\u00ed ka\u017ed\u00fd. Technika automatick\u00e9 kresby se d\u00e1 zvl\u00e1dnout za jeden v\u00edkend.<\/em><\/p>\n<p><strong>7. Jak moc podrobn\u00e9 informace se daj\u00ed zjistit?<br \/>\n<\/strong><em>Ty nejpodrobn\u011bj\u0161\u00ed co si um\u00ed\u0161 p\u0159edstavit. P\u0159\u00edklad: automatick\u00e1 kresba se d\u00e1 pou\u017e\u00edt t\u0159eba na to, jak rozm\u00edstit stoly v\u00a0kav\u00e1rn\u011b, aby se host\u00e9 c\u00edtili komfortn\u011b. M\u00e1m s\u00a0t\u00edm osobn\u00ed zku\u0161enost.<\/em><\/p>\n<p><strong>8. Jak p\u0159esn\u00e1 je tato metoda?<\/strong><br \/>\n<em>P\u0159esn\u011b tak, jak si mysl\u00ed\u0161. Vych\u00e1z\u00edm z\u00a0jednoho ze z\u00e1kladn\u00edch pravidel vesm\u00edru. Kdy\u017e si mysl\u00ed\u0161, \u017ee to jde, m\u00e1\u0161 pravdu, jde to. Kdy\u017e si mysl\u00ed\u0161, \u017ee to nejde, m\u00e1\u0161 taky pravdu, nejde to.<\/em><\/p>\n<p><strong>9. Jak takov\u00e1 kresba vypad\u00e1?<\/strong><br \/>\n<em>M\u00edsto tis\u00edce slov sta\u010d\u00ed jedna uk\u00e1zka. Koukni.<\/em><br \/>\n<div class='jwplayer' id='jwplayer-0'><\/div><script type='text\/javascript'>if(typeof(jQuery)==\"function\"){(function($){$.fn.fitVids=function(){}})(jQuery)};jwplayer('jwplayer-0').setup({\"file\":\"&#8220;..\/customized\/video\/AK_ukazka.m4v&#8220;\"});\n<\/script><\/p>\n<p><strong>10. Mohu kreslit jen sv\u00e9 zn\u00e1m\u00e9, nebo i jejich p\u0159\u00edbuzn\u00e9, p\u0159\u00e1tele, \u2026<\/strong><br \/>\n<em>M\u016f\u017ee\u0161 kreslit, co chce\u0161. Jenom u toho nezapom\u011b\u0148 na etiku. Z vlastn\u00ed zku\u0161enosti v\u00edm, \u017ee nevy\u017e\u00e1dan\u00e9 informace nen\u00ed vhodn\u00e9 poskytovat. \u010cesk\u00e9 p\u0159\u00edslov\u00ed \u0159\u00edk\u00e1, \u017ee ka\u017ed\u00fd dobr\u00fd skutek bude po z\u00e1sluze potrest\u00e1n. I s t\u00edm m\u00e1m osobn\u00ed zku\u0161enost.<\/em><\/p>\n<p><strong>11. Um\u00ed kresba uk\u00e1zat i budoucnost?<\/strong><br \/>\n<em>Budoucnost je mo\u017en\u00e9 nakreslit s\u00a0ohledem na moment\u00e1ln\u00ed stav pochopen\u00ed. Je mo\u017en\u00e9 nakreslit, jak se\u00a0pravd\u011bpodobn\u011b bude situace nad\u00e1le vyv\u00edjet, pokud v\u0161ichni\u00a0\u00fa\u010dastn\u00edci zachovaj\u00ed sv\u00e9 b\u011b\u017en\u00e9 chov\u00e1n\u00ed. Sv\u00e9 zvyky, n\u00e1vyky a hlavn\u011b zp\u016fsob my\u0161len\u00ed. Pokud n\u00e1m takto nakreslen\u00e1 budoucnost nevyhovuje, je mo\u017en\u00e9 d\u00e1le nakreslit, co mus\u00edme v\u00a0sob\u011b zm\u011bnit, aby se vyv\u00edjela jin\u00fdm sm\u011brem.<\/em><\/p>\n<p><strong>12. Kolik lid\u00ed kresbu pou\u017e\u00edv\u00e1?<\/strong><br \/>\n<em>Netu\u0161\u00edm. J\u00e1 sama m\u00e1m n\u011bkolik des\u00edtek \u017e\u00e1k\u016f.<\/em><\/p>\n<p><strong>13. Pro\u010d bych m\u011bl(a) kreslit?<\/strong><br \/>\n<em>Nev\u00edm pro\u010d Ty. J\u00e1 kresl\u00edm pro lep\u0161\u00ed orientaci.<\/em><\/p>\n<p><strong>14. Kolik \u010dasu zabere vytvo\u0159en\u00ed jedn\u00e9 kresby?<\/strong><br \/>\n<em>P\u00e1r minut.<\/em><\/p>\n<p><strong>15. \u010c\u00edm se kresl\u00ed?<br \/>\n<\/strong><em>M\u016f\u017ee\u0161 \u010d\u00edmkoliv. J\u00e1 pou\u017e\u00edv\u00e1m siln\u00e9 d\u0159ev\u011bn\u00e9 pastelky od Koh-i-nooru.<\/em><\/p>\n<p><strong>16. Mohu nakreslit co si mysl\u00ed druz\u00ed?<\/strong><br \/>\n<em>M\u016f\u017ee\u0161. Zkus to. To, \u017ee si to mysl\u00ed, je\u0161t\u011b neznamen\u00e1, \u017ee to projev\u00ed.<\/em><\/p>\n","protected":false},"excerpt":{"rendered":"<p>Pokud m\u00e1\u0161 vlastn\u00ed ot\u00e1zku, po\u0161li mi ji na email. D\u011bkuji \ud83d\ude42 1.\u00a0Co je k\u00a0tomu pot\u0159eba (ke kresb\u011b)? Rozhodnout se, \u017ee to jde. \u017de se to m\u016f\u017ee\u0161 nau\u010dit. V\u0161echno ostatn\u00ed je pouze technika, jak\u00fdsi syst\u00e9m \ud83d\ude42 2. M\u016f\u017ee se to nau\u010dit ka\u017ed\u00fd? Ano. 3. Co se d\u00e1 automatickou kresbou zjistit \u2013 nakreslit? V\u0161echno na co se [&hellip;]<\/p>\n","protected":false},"author":1,"featured_media":0,"parent":0,"menu_order":0,"comment_status":"open","ping_status":"open","template":"","meta":{"footnotes":""},"class_list":["post-273","page","type-page","status-publish","hentry"],"_links":{"self":[{"href":"http:\/\/www.automatickakresba.eu\/index.php?rest_route=\/wp\/v2\/pages\/273","targetHints":{"allow":["GET"]}}],"collection":[{"href":"http:\/\/www.automatickakresba.eu\/index.php?rest_route=\/wp\/v2\/pages"}],"about":[{"href":"http:\/\/www.automatickakresba.eu\/index.php?rest_route=\/wp\/v2\/types\/page"}],"author":[{"embeddable":true,"href":"http:\/\/www.automatickakresba.eu\/index.php?rest_route=\/wp\/v2\/users\/1"}],"replies":[{"embeddable":true,"href":"http:\/\/www.automatickakresba.eu\/index.php?rest_route=%2Fwp%2Fv2%2Fcomments&post=273"}],"version-history":[{"count":65,"href":"http:\/\/www.automatickakresba.eu\/index.php?rest_route=\/wp\/v2\/pages\/273\/revisions"}],"predecessor-version":[{"id":285,"href":"http:\/\/www.automatickakresba.eu\/index.php?rest_route=\/wp\/v2\/pages\/273\/revisions\/285"}],"wp:attachment":[{"href":"http:\/\/www.automatickakresba.eu\/index.php?rest_route=%2Fwp%2Fv2%2Fmedia&parent=273"}],"curies":[{"name":"wp","href":"https:\/\/api.w.org\/{rel}","templated":true}]}}